j + 6. Let f(d) = -2 - 12 + 24*d - d**2 + 1. Let l be f(23). Let o be 1/(5/28) - (-4)/l. Give s(o).
0
Let c(g) = 45*g - 2. Let w(s) = 71*s - 4. Let u(p) = -8*c(p) + 5*w(p). Let n(m) = -m**3 - 4*m**2 + 3*m + 5. Let d be n(-4). Let y = d + 3. Calculate u(y).
16
Let t(f) = -f + 2. Let w = -41 - -80. Let u = -29 + w. Suppose -u*c - 65 = 3*c. Give t(c).
7
Suppose 3*q - a = -4*a + 9, -11 = -5*q - a. Let i = q - 1. Let j be 1*(i - -1) - 3. Let x(c) = 13*c**2 - 2*c - 1. Determine x(j).
14
Let g(r) = 243*r**3 - r**3 - 244*r**3 - r**2 + 2*r + 2*r**2 + 1 + 3. Give g(-2).
20
Let z = -69 - -70. Let s(k) = -z + 412*k - 410*k - 12*k**2 + 32*k**2. Calculate s(1).
21
Let c(o) be the third derivative of o**4/8 + 59*o**3/6 + 160*o**2. Let z be c(-20). Let r(y) = 4*y**2 - 1. Calculate r(z).
3
Let t(j) = 2*j**2 + 15*j + 5. Let n be t(-5). Let f be (-24 - n) + (-7)/(-1). Suppose 33 = 4*h - 6*g + g, -g = h + f. Let o(w) = -3*w - 1. Determine o(h).
-7
Let n(v) = 4*v**2 + 22*v + 93. Let a(p) = 6*p**2 + 33*p + 126. Let l(y) = -5*a(y) + 7*n(y). What is l(-7)?
0
Let w(q) be the third derivative of -49*q**6/120 + q**5/60 - q**3/6 + 31*q**2 + 12. Calculate w(1).
-49
Let t(q) be the second derivative of q**4/12 + q**3/2 - q**2/2 + 686*q. Give t(-5).
9
Let n(w) = 6*w - 179. Let l(m) = 2*m - 55. Let k(y) = -7*l(y) + 2*n(y). Determine k(11).
5
Suppose 0 = -4*a - 3*y + 17, 3*a - 16 = y + 13. Suppose -a*h = -4*h + 28. Let x(o) be the second derivative of o**3/6 + o**2/2 - 17*o. Give x(h).
-6
Let u(d) = 1255*d - 1264. Let w be u(1). Let x(n) = n**3 + 6*n**2 - 23*n + 30. Give x(w).
-6
Let n = -68 - -98. Let w(t) = t - n + 22*t**3 + t**2 + 9 + 21. Calculate w(-1).
-22
Let w(p) = p**3 - 18*p**2 - 18*p + 8. Let k be w(18). Let v = -319 - k. Let h(a) = -2*a - 2. Calculate h(v).
4
Suppose -z = 4*y - 16, -2*z + 3*z - 25 = 5*y. Suppose -6*k + 4*k - 2*v = -8, -z = -4*k - 2*v. Let m(t) = -2*t. Calculate m(k).
-12
Let y(k) = 80697*k**2 - k**3 + 4*k + 80700*k**2 + 10 - 161401*k**2. What is y(-4)?
-6
Let b(u) = 562*u + 2248. Let j be b(-4). Let r(p) be the second derivative of -1/12*p**4 - 1/3*p**3 + 3/2*p**2 + 26*p + j. Calculate r(-5).
-12
Let a = 2274 - 2270. Let k(h) be the third derivative of -1/10*h**5 - 1/6*h**3 + 1/120*h**6 - 1/24*h**a + h**2 + 0*h + 0. What is k(6)?
-7
Suppose 794 = -503*x - 1218. Let k(z) be the second derivative of z**5/20 + z**4/4 - z**3/6 - 2*z**2 - z. Determine k(x).
-16
Let v(a) = a**2 + 2*a + 6. Suppose -5*m + 40 = 5*u - 5, -5*m + 3*u + 13 = 0. Suppose -m - 43 = 12*c. Give v(c).
14
Let y(j) be the third derivative of 1/8*j**4 - 1/30*j**5 + 0*j + 1/3*j**3 + 0 + 15*j**2. Let m be 315/45 + 8/(-2). Determine y(m).
-7
Let k(h) = -3*h**2 + 10*h + 28. Let n be k(5). Let f(m) = -m**2 - 24 - 27 - m**n + 2*m - m + 32. Calculate f(0).
-19
Let q(l) be the second derivative of 13*l**3/2 + 3*l**2 - 3857*l. Determine q(0).
6
Let g(v) = -16*v + 1. Let l(o) = 33*o - 2. Let u = 7 - 1. Suppose 2*y = 4*q - u*q + 16, 46 = 2*q - 4*y. Let a(h) = q*g(h) + 6*l(h). Give a(-1).
11
Let k(l) = -7*l**3 + 3*l**2 - l + 7. Let g(t) = 308*t**2 - 155*t**2 + 7 - 5*t**3 - 151*t**2 - t. Let o(w) = 3*g(w) - 2*k(w). Calculate o(0).
7
Let l(s) = 80*s - 14879. Let t be l(186). Let d(n) = n**3 - n**2 + n - 1. Let g(v) = 9*v**3 - 6*v**2 + 6*v - 5. Let w(o) = 4*d(o) - g(o). What is w(t)?
-4
Let w(u) = u - 43. Let n(b) = 3*b - 129. Let m(x) = -6*n(x) + 17*w(x). Let k(d) = -2*d + 51. Let f(s) = 4*k(s) - 5*m(s). Determine f(-5).
4
Let i(f) = -78*f + 24*f + 24*f - 332. Give i(-11).
-2
Let v(r) = 7*r + 4. Suppose -10*c + 25 = -5*c - 4*u, 3*c + 5*u - 15 = 0. Let i(p) = -9*p - 5. Let g(h) = c*v(h) + 4*i(h). Give g(-6).
6
Let n(t) = -t**3 - 4*t**2 + 5*t + 12. Let z be (146 - 139)*(-10)/14. Calculate n(z).
12
Let t(r) be the first derivative of -6*r**2 + 16*r - 57. Let f be t(2). Let j(g) = 2*g + 15. Give j(f).
-1
Let a(z) = -21*z - 26. Let d be a(-1). Let i(v) = v**2 + 11*v + 33. Give i(d).
3
Let p be 32 - 5/1*(-4)/(-20). Let k(v) = -p*v - 32*v - v**2 + 67*v. What is k(4)?
0
Let g(o) be the third derivative of -o**4/24 - 29*o**3/6 + 56*o**2 + o + 6. Calculate g(-10).
-19
Let q(u) = -10*u - 11. Suppose 61*h + 2*x - 7 = 78*h, 2*h + x = -7. Determine q(h).
-1
Let x(w) = -5*w + 3. Let a(u) = -6*u + 2. Let m(t) = 6*a(t) - 7*x(t). Let j be m(-6). Let y(o) = -6*o - 2*o + 6 + 3*o + 7*o - o. Give y(j).
3
Let i(o) = -25 - 133*o - 7*o**2 + 393*o - 132*o + 5*o**2 - 131*o. Determine i(-8).
-129
Let h(f) = -50*f + 94. Suppose -5 = -3*u + m, -5*u - 9*m + 8*m = -11. Determine h(u).
-6
Suppose 160 = -8*t - 32. Let a(c) = c**3 + 24*c**2 + c + 30. Determine a(t).
6
Let r = -265 - -256. Let x(l) = -l**2 - 7*l + 18. Let y be x(r). Let w(n) be the second derivative of -n**3/6 - 3*n**2 - n. Calculate w(y).
-6
Let v(d) = 78*d + 15*d**2 + 77*d - 16*d**2 - 154*d. Calculate v(0).
0
Let i(u) = 3*u**3 - 21*u**2 + 465*u + 15. Let l(q) = -q**3 + q**2 - 78*q - 1. Let c(z) = -i(z) - 6*l(z). What is c(-5)?
-24
Let g = 206 + -183. Suppose -5*o + g = -p, 4*p + o = p + 11. Let d(v) = 13*v - 3. Calculate d(p).
23
Let t(k) be the second derivative of k**4/12 - k**3/3 - k**2/2 + 15*k. Let f be t(3). Let h(l) = -2 + 5 - 5*l + 3*l - 7*l**2 + 4*l**2. Calculate h(f).
-13
Let m(h) be the first derivative of -h**3 - 19*h**2/2 - 5*h + 1664. Give m(-8).
-45
Let u(p) be the third derivative of -p**6/120 - 7*p**5/60 - 5*p**4/24 + p**3/6 - 551*p**2 + 2*p - 1. Calculate u(-6).
-5
Let x(t) be the first derivative of t**5/60 - t**4/3 + t**3/2 + 5*t**2 + 2*t - 266. Let r(u) be the second derivative of x(u). Determine r(7).
-4
Let r = 190 - 199. Let v(p) = 3*p**2 + 25*p - 4. What is v(r)?
14
Let o(h) = -h**3 - 8*h**2 - 9*h - 8. Let z = 524 - 519. Suppose 5*q = z*v - 35, v - 11 = q - 4*v. Give o(q).
-26
Let o(a) = -a**3 - 4*a**2 - 7*a - 12. Let r be o(-3). Let v(y) = -4 - 67*y + 65*y + r. What is v(0)?
-4
Let w(y) = -9*y**2 + 22*y - 19. Let x(z) = -4*z**2 + 11*z - 10. Let l(m) = -3*w(m) + 7*x(m). Let i be 194/(-38) - (119/133 - 1) - -14. What is l(i)?
5
Let x(l) = 4*l**2 + 14*l + 14. Let u be x(-2). Let z(y) be the first derivative of u*y**2 + 0*y + 1/3*y**3 + 6. Determine z(-5).
5
Let z(i) = -18*i**2 - 686*i - 67. Let b be z(-38). Let r(k) be the second derivative of -b*k - 3/2*k**2 - 5/6*k**3 + 0. Give r(-2).
7
Suppose 37*s - 111 = 251 + 230. Let l(j) = 6*j - 82. Give l(s).
14
Let t(u) be the third derivative of u**5/20 + 5*u**4/8 - 4*u**3/3 - 7999*u**2. Calculate t(-4).
-20
Let b(g) = -3*g**3 - 11*g + 4*g**3 - g**2 + 5 + 21 + 12*g. Suppose 44 = 4*d + 44. Calculate b(d).
26
Let o(g) = g. Let v(q) = 2*q + 4. Let l(u) = -6*o(u) + v(u). Suppose -2*n - 2*w = -4, -16*w = -n - 11*w + 20. Give l(n).
-16
Let c(l) = l**3 + 4*l**2 + l + 4. Suppose -4*i - 5*q + 263 = 58, 80 = 2*i - 2*q. Let s be 76/(-570) + 2 + (-264)/i. Determine c(s).
0
Suppose -20*b = -6*b + 15 + 55. Let y(f) = f**2 - 12*f - 84. What is y(b)?
1
Let w be 1*(0 + 3/3). Let o(a) = 10*a**3 - a**2 + 96*a + 1. Let g(m) = 29*m**3 - 3*m**2 + 264*m + 3. Let d(x) = 4*g(x) - 11*o(x). What is d(w)?
6
Let d(m) = 216 - 5*m**2 - 216. Let p(n) = -27*n**2 - n - 2. Let k(x) = 11*d(x) - 2*p(x). Give k(-4).
-20
Let h(a) = -a**3. Let z be (3 + (-1 - (-21)/(49/(-7))))*1. Give h(z).
1
Let q = 43 + 4. Let t(u) = -37 - u**2 + q*u - 63*u + 28. Determine t(-15).
6
Let h(p) = -p + 4. Let j(z) = z**2 - 63*z + 361. Let i be j(6). Determine h(i).
-15
Let a(y) = 65*y**2 + 32*y + 17. Let s(b) = 28*b**2 + 15*b + 8. Let p(j) = 3*a(j) - 7*s(j). Calculate p(-6).
13
Suppose 55*w + 20664 = 20719. Let b(s) = 43*s**2 + 5*s - 4. Calculate b(w).
44
Let n(t) = 20*t - 60. Let o be n(3). Suppose -3*u + 6*u = o, 15 = -3*g + 5*u. Let z(f) = -f**2 - 7*f. Determine z(g).
10
Let v = 13 + -6. Suppose -v + 1 = -d. Let o(w) be the third derivative of -w**6/120 + w**5/10 - w**4/24 - 4*w**3/3 + w**2 + 2707. What is o(d)?
-14
Let d(s) be the third derivative of s**5/30 - 17*s**4/24 + 14*s**3/3 + 2*s**2 - 21*s + 7. Determine d(6).
-2
Let w(b) = b**3 - 7*b**2 + 7*b - 4. Let k be w(6). Let r be (5 - 0) + (-27)/9. Let q(a) = -175*a**2 - 4*a - a + 174*a**k + r*a + 2. Determine q(-5).
-8
Let m = -788 + 827. Let c(j) = -m*j - 54 + 54*j + 58. Determine c(-2).
-26
Suppose 15 = -u + 4*u. Suppose 5*m + 4*b = 50, 0*b - 25 = -u*m + b. Let s(q) = 3*q - 9. What is s(m)?
9
S